3
What is the greatest common divisor of 262 and 17330?
2
What is the greatest common factor of 220 and 1001110?
110
Calculate the highest common factor of 5 and 193195.
5
Calculate the greatest common divisor of 343205 and 5.
5
What is the greatest common divisor of 89784 and 783?
261
What is the highest common factor of 40 and 188120?
40
Calculate the highest common factor of 944 and 151276.
236
What is the highest common factor of 306 and 540?
18
Calculate the highest common factor of 15 and 29571.
3
What is the highest common factor of 17 and 345661?
17
Calculate the highest common divisor of 44 and 5456704.
44
What is the greatest common divisor of 7298 and 23452?
82
Calculate the highest common factor of 237172 and 130.
26
What is the highest common divisor of 1578648 and 12?
12
Calculate the highest common factor of 110 and 89078.
22
Calculate the greatest common factor of 4427982 and 381.
381
Calculate the greatest common factor of 41 and 3956.
1
What is the highest common divisor of 1395395 and 15?
5
What is the greatest common divisor of 38184 and 5550?
222
Calculate the highest common divisor of 1848 and 59268.
132
Calculate the highest common factor of 24597 and 27.
27
What is the greatest common divisor of 248193 and 7590?
759
Calculate the greatest common divisor of 770 and 43540.
70
Calculate the highest common factor of 3116 and 589.
19
Calculate the highest common factor of 43584 and 512.
64
Calculate the highest common divisor of 179284 and 14364.
532
What is the highest common factor of 12305 and 736?
23
Calculate the highest common divisor of 138099 and 39.
39
What is the greatest common factor of 14075 and 25?
25
Calculate the greatest common divisor of 4812 and 732.
12
Calculate the greatest common divisor of 532567 and 7.
7
What is the greatest common divisor of 3740 and 164340?
220
What is the highest common factor of 890 and 31320?
10
What is the greatest common factor of 85592 and 416?
104
What is the greatest common factor of 981 and 1557?
9
What is the highest common divisor of 10082594 and 1733?
1733
What is the highest common factor of 2 and 5204?
2
Calculate the greatest common divisor of 4201610 and 579.
193
What is the greatest common factor of 198 and 281754?
198
Calculate the highest common factor of 150 and 5981550.
150
Calculate the highest common factor of 54 and 723.
3
What is the greatest common divisor of 84 and 44324?
28
Calculate the greatest common factor of 19 and 1776139.
19
Calculate the highest common divisor of 620994 and 24.
6
What is the greatest common factor of 77245 and 560?
35
What is the highest common divisor of 2375 and 1330?
95
Calculate the highest common factor of 173052 and 12141.
171
Calculate the highest common factor of 2944 and 131008.
1472
What is the greatest common divisor of 2100 and 1960?
140
Calculate the greatest common factor of 12120 and 1320.
120
What is the greatest common divisor of 24 and 299610?
6
Calculate the highest common divisor of 270326 and 14.
14
Calculate the highest common divisor of 216776 and 158.
158
What is the highest common factor of 3512 and 32?
8
What is the highest common divisor of 18 and 1349739?
9
What is the highest common divisor of 2401 and 149205?
343
What is the highest common factor of 4325 and 4145?
5
What is the highest common factor of 1278 and 7578?
18
What is the greatest common divisor of 153755 and 56?
7
What is the highest common factor of 10943 and 8928?
31
Calculate the greatest common factor of 197505 and 30.
15
What is the highest common divisor of 94805 and 268?
67
What is the highest common divisor of 10800 and 459?
27
What is the greatest common factor of 11454 and 336648?
498
Calculate the highest common divisor of 450 and 16630.
10
Calculate the greatest common factor of 50 and 677080.
10
Calculate the greatest common divisor of 114556 and 13.
13
What is the greatest common divisor of 30930 and 75?
15
What is the greatest common divisor of 6052 and 13884?
356
What is the highest common divisor of 20675 and 11578?
827
Calculate the greatest common factor of 2622 and 3306.
114
What is the highest common divisor of 51165 and 285?
15
What is the greatest common divisor of 1895369 and 823?
823
What is the highest common factor of 13760 and 123152?
688
Calculate the highest common divisor of 2 and 283558.
2
Calculate the highest common divisor of 12139 and 4378.
199
Calculate the greatest common divisor of 19217 and 66.
11
Calculate the highest common divisor of 450 and 466850.
50
What is the greatest common factor of 5757367 and 154?
77
What is the greatest common factor of 35783 and 22?
11
What is the greatest common factor of 16 and 895644?
4
Calculate the highest common divisor of 5708 and 1200107.
1427
Calculate the highest common divisor of 9583 and 35.
7
What is the highest common divisor of 68 and 3958926?
34
Calculate the highest common divisor of 364 and 7124.
52
Calculate the greatest common divisor of 330 and 17710.
110
What is the highest common divisor of 98 and 481523?
49
Calculate the greatest common divisor of 59274 and 2844.
18
Calculate the highest common factor of 2625 and 9075.
75
Calculate the highest common divisor of 42 and 39998.
14
Calculate the highest common divisor of 1045181 and 179.
179
What is the greatest common factor of 3738 and 144002?
178
Calculate the greatest common factor of 1504 and 16356.
188
Calculate the highest common factor of 4693325 and 75.
25
What is the greatest common factor of 74647 and 340?
17
Calculate the greatest common factor of 1153278 and 126.
126
Calculate the highest common divisor of 83 and 1978803.
83
Calculate the greatest common divisor of 7551 and 979952.
839
Calculate the highest common divisor of 468062 and 14.
14
What is the greatest common factor of 20385 and 108?
27
What is the greatest common factor of 1638 and 2282?
14
What is the highest common divisor of 869 and 3713?
79
What is the greatest common factor of 5821102 and 14?
14
Calculate the highest common factor of 277 and 485581.
277
Calculate the highest common divisor of 160487 and 119164.
961
What is the highest common factor of 105 and 19089?
21
Calculate the highest common factor of 267282 and 558.
558
Calculate the greatest common divisor of 52371 and 396.
99
What is the highest common factor of 91 and 21710?
13
What is the highest common factor of 6368 and 16517?
199
Calculate the highest common factor of 1015 and 52535.
35
What is the greatest common factor of 170 and 2865690?
170
Calculate the greatest common divisor of 1121 and 152.
19
What is the greatest common divisor of 27 and 238437?
27
What is the greatest common factor of 4360 and 992990?
1090
What is the greatest common factor of 220705 and 185?
185
What is the greatest common divisor of 54671 and 69?
23
Calculate the greatest common divisor of 522 and 163995.
87
Calculate the greatest common factor of 5130 and 398601.
513
What is the highest common divisor of 11 and 261360?
11
What is the greatest common factor of 3568444 and 44?
44
What is the greatest common divisor of 1176126 and 164?
82
Calculate the greatest common divisor of 425 and 56270.
85
What is the greatest common divisor of 217077 and 7?
7
What is the highest common divisor of 6047516 and 1388?
1388
What is the greatest common factor of 354 and 119829?
177
Calculate the highest common divisor of 32224 and 742.
106
What is the greatest common divisor of 153 and 1216044?
153
Calculate the greatest common factor of 3330 and 1133310.
1110
Calculate the highest common factor of 208 and 4927.
13
Calculate the highest common divisor of 12915 and 89667.
369
Calculate the highest common divisor of 3546 and 242704.
394
Calculate the greatest common divisor of 1430 and 4267835.
715
What is the highest common factor of 46472 and 13616?
296
What is the highest common factor of 94404 and 60?
12
Calculate the greatest common factor of 60 and 87030.
30
What is the greatest common divisor of 1415 and 22357?
283
Calculate the greatest common divisor of 10 and 833080.
10
Calculate the highest common divisor of 21 and 128751.
21
Calculate the greatest common divisor of 2982 and 355284.
426
Calculate the greatest common factor of 14076 and 9.
9
Calculate the highest common factor of 338